 162 divide 9234?
True
Is 58940 a multiple of 394?
False
Is 1162434 a multiple of 27?
False
Is 15 a factor of 3389946?
False
Is 743 a factor of 2442984?
True
Is 47085 a multiple of 144?
False
Does 7 divide 416605?
True
Does 52 divide 201032?
True
Is 69 a factor of 111711?
True
Does 58 divide 13046531?
False
Does 23 divide 19805618?
False
Is 1252900 a multiple of 737?
True
Does 14 divide 366016?
True
Is 884023 a multiple of 689?
False
Is 13 a factor of 557147?
False
Is 117 a factor of 750923?
False
Is 281 a factor of 4304377?
False
Is 20380640 a multiple of 112?
True
Does 69 divide 2368770?
True
Does 306 divide 1774800?
True
Is 1898 a factor of 1197638?
True
Is 388 a factor of 263601?
False
Is 3579968 a multiple of 427?
True
Does 21 divide 2940335?
False
Is 17 a factor of 414490?
False
Is 14 a factor of 2401251?
False
Is 13 a factor of 1137033?
False
Does 11 divide 1733138?
True
Does 250 divide 1332250?
True
Is 1509845 a multiple of 197?
False
Is 22 a factor of 226153?
False
Is 31 a factor of 282514?
False
Is 430 a factor of 13269516?
False
Does 74 divide 423766?
False
Is 155 a factor of 11101?
False
Is 215181 a multiple of 30?
False
Does 3 divide 146495?
False
Does 151 divide 251308?
False
Does 181 divide 722354?
False
Does 22 divide 279708?
True
Is 192812 a multiple of 806?
False
Does 489 divide 3490746?
False
Does 854 divide 3988354?
False
Is 2054472 a multiple of 21?
True
Does 224 divide 891008?
False
Is 718 a factor of 926938?
True
Is 277 a factor of 253732?
True
Does 31 divide 84104?
False
Does 860 divide 1315601?
False
Is 3067540 a multiple of 14?
True
Is 1060454 a multiple of 259?
False
Is 701 a factor of 8257780?
True
Does 22 divide 42093?
False
Is 38012 a multiple of 26?
True
Is 5391807 a multiple of 5?
False
Is 29128 a multiple of 44?
True
Is 101 a factor of 69883?
False
Does 16 divide 676992?
True
Does 4 divide 2870768?
True
Is 144 a factor of 557740?
False
Does 2 divide 225744?
True
Does 188 divide 377388?
False
Is 635262 a multiple of 13?
False
Does 27 divide 219105?
True
Does 46 divide 2358372?
False
Is 611310 a multiple of 246?
True
Does 50 divide 381241?
False
Is 1028 a factor of 7315248?
True
Is 29 a factor of 171274?
True
Is 140490 a multiple of 18?
True
Is 1379889 a multiple of 513?
False
Is 2546059 a multiple of 601?
False
Is 373738 a multiple of 94?
False
Does 12 divide 2643564?
True
Is 17721 a multiple of 11?
True
Is 37 a factor of 312280?
True
Is 546147 a multiple of 46?
False
Is 446 a factor of 193290?
False
Is 16 a factor of 140944?
True
Is 112697 a multiple of 13?
True
Is 1181359 a multiple of 46?
False
Is 467 a factor of 7180592?
True
Is 896 even?
True
Is 760371 a multiple of 189?
False
Is 545848 a multiple of 8?
True
Does 34 divide 25237?
False
Is 9 a factor of 53692?
False
Is 723 a factor of 1223316?
True
Does 23 divide 3675216?
True
Does 47 divide 1938473?
False
Is 115 a factor of 381225?
True
Is 203936 a multiple of 8?
True
Does 146 divide 1240219?
False
Does 20 divide 12239364?
False
Is 11 a factor of 264111?
False
Does 3 divide 48151?
False
Is 310601 a multiple of 7?
False
Is 1616129 a multiple of 12?
False
Is 7056 a multiple of 8?
True
Is 1107322 a multiple of 1201?
True
Does 10 divide 1201403?
False
Is 282 a factor of 14067852?
True
Is 10051 a multiple of 19?
True
Is 5746289 a multiple of 17?
True
Is 1619 a factor of 6956843?
True
Is 10574232 a multiple of 894?
True
Is 49465 a multiple of 48?
False
Does 242 divide 156090?
True
Is 1618992 a multiple of 12?
True
Is 897509 a multiple of 191?
True
Is 145 a factor of 2452595?
False
Does 5 divide 632006?
False
Does 717 divide 6290988?
False
Does 6 divide 66190?
False
Does 31 divide 5178643?
True
Is 116816 a multiple of 223?
False
Is 2869212 a multiple of 724?
True
Does 123 divide 67773?
True
Does 4 divide 1321409?
False
Is 35 a factor of 327533?
False
Is 607 a factor of 1760417?
False
Is 6502705 a multiple of 11?
True
Does 20 divide 511980?
True
Is 1500439 a multiple of 4?
False
Is 112234 a multiple of 407?
False
Is 9058092 a multiple of 348?
True
Is 127 a factor of 559308?
True
Is 2626334 a multiple of 67?
False
Does 23 divide 43493?
True
Does 365 divide 1075366?
False
Does 26 divide 30887792?
True
Is 190 a factor of 10180200?
True
Is 11220 a multiple of 12?
True
Does 8 divide 78056?
True
Does 17 divide 335211?
False
Is 77786 a multiple of 19?
True
Is 430 a factor of 845161?
False
Is 21933 a multiple of 3?
True
Is 159 a factor of 124338?
True
Is 29 a factor of 1086862?
True
Does 147 divide 400134?
True
Is 586268 a multiple of 194?
True
Does 9 divide 198333?
True
Is 24 a factor of 897720?
True
Is 9114216 a multiple of 1237?
True
Does 91 divide 401219?
True
Is 42 a factor of 184548?
True
Is 25 a factor of 213650?
True
Is 1138030 a multiple of 359?
True
Is 3 a factor of 789804?
True
Is 548 a factor of 1042929?
False
Does 6 divide 47061?
False
Is 592553 a multiple of 486?
False
Is 2878434 a multiple of 6?
True
Is 395 a factor of 4526841?
False
Is 4173576 a multiple of 39?
False
Is 3509542 a multiple of 17?
False
Does 13 divide 2116959?
True
Does 93 divide 1084845?
True
Does 398 divide 73423?
False
Does 88 divide 794006?
False
Does 121 divide 290642?
True
Is 31 a factor of 3208265?
False
Is 1085 a factor of 1477770?
True
Does 46 divide 281520?
True
Is 181790 a multiple of 3?
False
Is 42 a factor of 123037?
False
Is 1942551 a multiple of 113?
False
Does 5 divide 30865?
True
Does 39 divide 5867784?
True
Does 264 divide 195467?
False
Does 160 divide 2535681?
False
Is 522440 a multiple of 740?
True
Is 9 a factor of 1792494?
True
Is 1838184 a multiple of 669?
False
Does 8 divide 6598456?
True
Is 4 a factor of 19119?
False
Does 101 divide 3772552?
True
Is 386158 a multiple of 15?
False
Is 74178 a multiple of 117?
True
Does 94 divide 85070?
True
Is 114 a factor of 21502?
False
Does 116 divide 662940?
True
Is 19220 a multiple of 62?
True
Does 10 divide 7861220?
True
Does 6 divide 471702?
True
Does 3 divide 11419?
False
Does 10 divide 245940?
True
Is 11472780 a multiple of 20?
True
Does 147 divide 742744?
False
Does 50 divide 813650?
True
Does 726 divide 2538822?
True
Does 37 divide 1890308?
False
Is 121553 a multiple of 20?
False
Is 357 a factor of 41769?
True
Is 12 a factor of 553680?
True
Is 33 a factor of 2252099?
False
Is 974129 a multiple of 10?
False
Does 127 divide 2290953?
True
Is 14624 a multiple of 3?
False
Does 17 divide 1238535?
True
Is 121 a factor of 408660?
False
Is 99 a factor of 96525?
True
Is 2928521 a multiple of 23?
True
Is 1504823 a multiple of 17?
True
Is 115 a factor of 420402?
False
Does 12 divide 217440?
True
Is 38376 a multiple of 82?
True
Does 3 divide 3004?
False
Does 42 divide 12452868?
False
Is 26 a factor of 8000739?
False
Does 194 divide 68870?
True
Is 7 a factor of 126275?
False
Is 29 a factor of 573656?
False
Is 3342794 a multiple of 462?
False
Is 15 a factor of 39030?
True
Is 626688 a multiple of 68?
True
Is 27 a factor of 17642070?
True
Is 130 a factor of 3254550?
True
Is 89 a factor of 18156?
True
Is 6 a factor of 863754?
True
Does 69 divide 217034?
False
Does 337 divide 1382037?
True
Does 2003 divide 5382795?
False
Is 38276100 a multiple of 15?
True
Is 2220 a multiple of 6?
True
Is 1671245 a multiple of 153?
False
Is 3066 a multiple of 3?
True
Is 5 a factor of 18745?
True
Is 95942 a multiple of 80?
False
Is 918080 a multiple of 40?
True
Is 25 a factor of 8200?
True
Does 524 divide 385939?
False
Does 340 divide 844220?
True
Is 14 a factor of 166152?
True
Does 92 divide 228662?
False
Is 140315 a multiple of 211?
True
Does 7 divide 163840?
False
Is 31445 a multiple of 4?
False
Is 65509 a multiple of 7?
False
Does 243 divide 211036?
False
Is 13 a factor of 88271?
False
Is 44 a factor of 223036?
True
Is 88 a factor of 209000?
True
Does 4 divide 278358?
False
Is 714 a factor of 182376?
False
Is 1495765 a multiple of 293?
True
Does 44 divide 83777?
False
Is 12020160 a multiple of 320?
True
Is 5085 a multiple of 4?
False
Is 24909 a multiple of 22?
False
Is 30 a factor of 568003?
False
Does 36 divide 50144?
False
Does 354 divide 191160?
True
Is 24 a factor of 15995?
False
Is 8316127 a multiple of 13?
False
Is 5856196 a multiple of 23?
False
Does 29 divide 30553284?
False
Is 2718482 a multiple of 13?
True
Is 6 a factor of 184404?
True
Does 59 d